 43*g + 378. Let h be b(42). Calculate the highest common factor of 532 and h.
28
Let g(i) = 9*i**3 + 19*i**2 - 34*i - 5. Let f be g(2). What is the greatest common divisor of f and 4725?
75
Suppose 2*l - 34 = -4*i, -50*l = -54*l + 4*i + 140. Calculate the highest common divisor of 2697 and l.
29
Let w = -87 - -94. Let i be -4 + w + 30 - (4 - 1). What is the highest common factor of i and 10?
10
Let l = -30 - -115. Suppose 6*w - 82 = -2*m + 4*w, -5*w + 25 = 0. Let s = m + l. Calculate the highest common factor of 11 and s.
11
Let y = 39 - 35. Suppose 0 = u + y - 8. Let d be (0 - (-4 + 0))*u. What is the greatest common factor of 8 and d?
8
Let y be (14 + 5344/(-80))/(-1 - (-7)/10). Let i(d) = -d**3 + 8*d**2 + 2*d - 5. Let g be i(8). What is the highest common factor of g and y?
11
Let k = -174 + 787. Suppose -691 + k = -u. Calculate the greatest common divisor of u and 65.
13
Suppose 6467 = -381*z + 70475. Suppose 2*a + a - 90 = -4*b, 98 = 4*b - a. Calculate the greatest common divisor of z and b.
24
Suppose 5*h - 3*h = -5*a + 566, -3*h + 9 = 0. Suppose x - 121 = t - 4*t, -2*t = -4*x - 104. Calculate the highest common factor of a and t.
14
Let i(k) = -2*k**3 - 5*k**2 + 3*k + 10. Let g be i(-5). Suppose 1250*a - 320 = 1230*a. Calculate the highest common factor of a and g.
8
Suppose 3*z - 1298*n - 36852 = -1301*n, -4*z + 2*n + 49130 = 0. Calculate the highest common factor of 346 and z.
173
Let u(z) = -9*z**3 - 3*z**2 - 9*z. Let p be (3 - 7)*(-6)/(-8). Let l be u(p). Calculate the highest common divisor of 27 and l.
27
Suppose 5*y - l + 21 - 4 = 0, 3*y + 5*l + 27 = 0. Let a be ((-28)/3)/(y/60). Calculate the greatest common divisor of 80 and a.
20
Suppose -109 = -2*c - 19. Suppose -4*y = -13*y + c. Let k(t) = 4*t + 9. Let z be k(y). What is the greatest common divisor of 261 and z?
29
Let t(u) = -u**3 - 11*u**2 + u + 19. Let j be t(-11). Calculate the highest common divisor of 88 and j.
8
Let j = 1523 + -1469. What is the highest common factor of 936 and j?
18
Suppose u = 2*u - 66. Suppose 0 = 4*a + 2*z - 597 - 207, -3*z + 18 = 0. Calculate the highest common divisor of a and u.
66
Let w = -743 + 457. Let a = -274 - w. Calculate the greatest common factor of 28 and a.
4
Suppose 2*j - 126 = 4*o, o - 4*o - 2*j = 112. Let t = o + 196. Calculate the greatest common factor of t and 18.
18
Let b(o) = 81*o**2 - 48*o + 51. Let z be b(1). Calculate the highest common factor of 768 and z.
12
Suppose -4*q - 7*q + 2695 = 0. Let i(v) = 4*v**2 - 313*v + 148. Let m be i(78). What is the highest common factor of m and q?
35
Suppose -4*q = 5*s - 15, -12 = -3*q + q + 2*s. Suppose -8 + 9 = -p, 5*l + 240 = q*p. Let k = l + 71. Calculate the greatest common divisor of k and 11.
11
Suppose 3*w + n = -1173, 380 = -w - 4*n - 0*n. Let g = w - -1117. Calculate the greatest common divisor of g and 25.
25
Let b(p) = -802*p**2 + 2*p - 2. Let t be b(1). Let z = 41 + 1. Let v be t/(-4) + (z/12 - 4). What is the highest common divisor of 40 and v?
40
Suppose -19 + 34 = 5*g. Suppose 0 = g*l + 2 + 1, -490 = -4*c - 2*l. Suppose c*o - 127*o = -200. What is the greatest common divisor of o and 150?
50
Suppose -4*v + l - 3*l + 26 = 0, -3*v = l - 18. Let b be (4/2 - -3)*1. Suppose a - 15 = -4*a, -j = -b*a - 20. Calculate the highest common factor of v and j.
5
Let b be 5/(270/4869) - (-8)/(-48). Calculate the greatest common divisor of 558 and b.
18
Let h = -125 - -128. Suppose -n + 2*d + d + 76 = 0, 0 = -h*n - 3*d + 276. Calculate the highest common divisor of 55 and n.
11
Let y = -5961 - -6075. What is the greatest common factor of 3534 and y?
114
Let t = 1692 - -4916. Calculate the highest common factor of t and 1232.
112
Let f(i) = i - 30. Let s be f(-12). Let j be (-440)/66*s/4. Calculate the greatest common divisor of 42 and j.
14
Let o = 251 + -36. Suppose -o = -9*z + 28. Calculate the greatest common divisor of z and 6.
3
Let f be (15/20)/(-3) + 34290/72. Calculate the greatest common divisor of 15113 and f.
119
Suppose -4923 = -4*v + 5*z + 1263, 2*v - 3072 = -z. Calculate the highest common factor of v and 567.
81
Suppose -25*g + 1170 + 705 = 0. What is the highest common factor of g and 975?
75
Let j be 3/2*(-4)/(-2). Suppose c + j - 8 = 0. Suppose -3*b + c*b = 88. Calculate the greatest common factor of b and 264.
44
Let m(k) = k**3 + 17*k**2 - 8*k + 33. Let j be m(-18). Let l be ((-54)/5)/(j/140 + 1). What is the highest common divisor of 24 and l?
24
Let f(k) = -13*k - 2. Let r be f(-1). Suppose 57*h = 31*h + 3146. What is the highest common factor of r and h?
11
Suppose -2*o + 4*j + 18 = -j, 2*j + 45 = 5*o. Let d = -7 + o. Suppose -2*p = -3 + 1. Calculate the highest common divisor of d and p.
1
Let t = -6032 - -6280. Let a(g) = -5*g**3 - 4*g**2 - 6*g - 5. Let m be a(-2). What is the greatest common divisor of m and t?
31
Let c be (1*(-2 + 8))/((-6)/(-10)). Suppose -2*v = -4*t - 0*v + 198, -3*t - 3*v + 171 = 0. Let h = -50 + t. Calculate the highest common factor of h and c.
2
Let u(z) = 5*z**2 - 30*z - 140. Let y be u(-4). What is the greatest common divisor of 552 and y?
12
Let c(r) = 11*r - 106. Let s be c(10). Suppose 2*d = -0*z + s*z + 70, -z = d - 50. Let b = 17 - 8. Calculate the greatest common divisor of b and d.
9
Let f(s) = 7*s - 137. Let j be f(20). Suppose j*o + 5*w = 100, -2*w + 65 - 1 = 2*o. What is the highest common factor of 195 and o?
15
Let h = 60 + -36. Let k be (-6)/15 - 3/(75/(-7810)). What is the greatest common factor of k and h?
24
Let y(k) = -5*k - 87. Let m(s) = -6*s - 88. Let w(z) = 3*m(z) - 4*y(z). Let v be w(-36). Let d = 42 + -18. What is the greatest common divisor of v and d?
12
Let s(w) = 9*w**3 - 2*w**2 - 489*w + 1940. Let d be s(4). What is the greatest common divisor of 704 and d?
176
Let n(a) = 2*a - 1. Let s be n(8). Suppose -89*p + 216 = -92*p. Let r be (99/6 + 1)*p/(-21). What is the highest common factor of r and s?
15
Suppose 5*r = -6*r. Suppose -2*g - 3*n + 23 = r, -4*n = 12 - 8. What is the highest common factor of 637 and g?
13
Suppose 17*l - 385 = 40. Calculate the highest common factor of l and 5575.
25
Let w be (0 - 2/5 - 73005/300)*-4. What is the highest common divisor of 78 and w?
39
Let z = 24 - -53. Let i(m) = -m**3 + 12*m**2 - 36*m + 11. Let j be i(6). What is the highest common divisor of j and z?
11
Let z be (-12)/16*1508/(-87). Calculate the greatest common divisor of z and 26.
13
Let h(x) = -x + 10. Let a be h(11). Let m be (13 + -18)*a*1. Let z(n) = -n**2 - 7*n - 2. Let t be z(-3). Calculate the greatest common factor of m and t.
5
Let p = 45 + -25. Let l be 1/(2/4)*(-150)/p. Let a = l + 30. Calculate the highest common factor of a and 5.
5
Suppose -5*c = 4*i - 124, -2*c - 60 = -i - 16. Suppose -1 = s + 5*v, 1048*s + 4*v + 44 = 1049*s. What is the highest common factor of s and i?
12
Suppose -5*a + 70 = -5*v, 3*a = -v - 15 + 73. Calculate the highest common divisor of 1566 and a.
18
Let b be 4 + (-3 - (0 + -8)). Suppose -m - 816 = -b*m. Let y = -64 + m. What is the highest common factor of 304 and y?
38
Suppose 5*m + 18*m = 53107. Suppose -7*o = m - 5893. What is the highest common divisor of 8 and o?
8
Suppose 2*s - 14 = 14. Suppose -4 - s = -2*i. Suppose 2312*o - 87 = 2283*o. Calculate the greatest common factor of i and o.
3
Let k(v) = 20*v**2 + 103*v + 5. Let i be k(-5). Let f(x) = x**3 + 8*x**2 - 30*x - 2. Let s be f(i). What is the greatest common divisor of s and 14?
14
Let i be (6672/(-1529))/(6/(-99)). Calculate the highest common divisor of 1376 and i.
8
Suppose -450 = -o - o - 5*s, 450 = 2*o + 3*s. Let k = -49 + 58. Calculate the greatest common factor of o and k.
9
Suppose 99*f - 30*f = 0. Suppose 3*r = -4*p + 49, 5*p + f*p + 5*r - 65 = 0. Let l(i) = 7*i - 9. Let y be l(7). Calculate the greatest common divisor of y and p.
10
Let j(m) = -6*m - 18. Let i be (-3036)/110 - (-2 - (-7)/5). Let q be (-148)/18 + 2*(-3)/i. Let d be j(q). Calculate the highest common divisor of 10 and d.
10
Suppose -83*o + 95*o = 81*o - 897. What is the highest common divisor of o and 199?
1
Suppose 4*s - 2*q = 216, 4*s - s + 4*q = 184. Let o(n) = n**2 + 13*n + 22. Let u be o(-16). Calculate the greatest common factor of s and u.
14
Suppose -10040 = -276*d + 1000. What is the highest common factor of d and 14330?
10
